{"id":64,"date":"2024-06-10T17:36:40","date_gmt":"2024-06-10T15:36:40","guid":{"rendered":"https:\/\/praxis-jungheim.de\/?page_id=64"},"modified":"2024-07-13T11:32:43","modified_gmt":"2024-07-13T09:32:43","slug":"leistungen","status":"publish","type":"page","link":"https:\/\/praxis-jungheim.de\/?page_id=64","title":{"rendered":"Leistungen"},"content":{"rendered":"\t\t<div data-elementor-type=\"wp-page\" data-elementor-id=\"64\" class=\"elementor elementor-64\" data-elementor-post-type=\"page\">\n\t\t\t\t<div class=\"elementor-element elementor-element-21d08edd e-grid e-con-boxed wpr-particle-no wpr-jarallax-no wpr-parallax-no wpr-sticky-section-no wpr-equal-height-no e-con e-parent\" data-id=\"21d08edd\" data-element_type=\"container\" data-e-type=\"container\">\n\t\t\t\t\t<div class=\"e-con-inner\">\n\t\t\t\t<div class=\"elementor-element elementor-element-4fc93970 elementor-widget elementor-widget-text-editor\" data-id=\"4fc93970\" data-element_type=\"widget\" data-e-type=\"widget\" data-settings=\"{&quot;_animation&quot;:&quot;none&quot;}\" data-widget_type=\"text-editor.default\">\n\t\t\t\t<div class=\"elementor-widget-container\">\n\t\t\t\t\t\t\t\t\t<h5 class=\"wp-block-heading\" style=\"font-size: 1.17647rem; font-style: normal;\">Leistungen<\/h5>\n<ul>\n<li><span style=\"font-size: 16px;\">Haus\u00e4rztliche Betreuung und Behandlung bei aktuen und chronischen Erkrankungen<\/span><\/li>\n<li>EKG<\/li>\n<li>Lungenfunktionspr\u00fcfung<\/li>\n<li>Langzeitblutdruckmessung<\/li>\n<li>Ultraschalluntersuchungen des Bauches und der Schilddr\u00fcse<\/li>\n<li>Laboruntersuchungen (Blut, Urin, Stuhl)<\/li>\n<li>Impfungen<\/li>\n<li>Hausbesuche in dringlichen F\u00e4llen<\/li>\n<\/ul>\t\t\t\t\t\t\t\t<\/div>\n\t\t\t\t<\/div>\n\t\t\t\t<div class=\"elementor-element elementor-element-a1c1b27 elementor-widget elementor-widget-text-editor\" data-id=\"a1c1b27\" data-element_type=\"widget\" data-e-type=\"widget\" data-settings=\"{&quot;_animation&quot;:&quot;none&quot;}\" data-widget_type=\"text-editor.default\">\n\t\t\t\t<div class=\"elementor-widget-container\">\n\t\t\t\t\t\t\t\t\t<h5 class=\"wp-block-heading\">Vorsorgeleistungen<\/h5>\n<ul>\n<li>Gesundheitsuntersuchung<\/li>\n<li>Hautkrebsscreening<\/li>\n<li>J1<\/li>\n<li>Krebsvorsorge des Mannes<\/li>\n<li>Ultraschallscreening auf Bauchaortenerweiterung (-aneurysma)<\/li>\n<\/ul>\n<h5>Behandlung chronisch Kranker<\/h5>\n<ul>\n<li class=\"wp-block-heading\">DMP-Programme<\/li>\n<\/ul>\n<p>\u00a0<\/p>\t\t\t\t\t\t\t\t<\/div>\n\t\t\t\t<\/div>\n\t\t\t\t<div class=\"elementor-element elementor-element-40073d9 elementor-invisible elementor-widget elementor-widget-image\" data-id=\"40073d9\" data-element_type=\"widget\" data-e-type=\"widget\" data-settings=\"{&quot;_animation&quot;:&quot;fadeIn&quot;}\" data-widget_type=\"image.default\">\n\t\t\t\t<div class=\"elementor-widget-container\">\n\t\t\t\t\t\t\t\t\t\t\t\t\t\t\t<img decoding=\"async\" src=\"https:\/\/praxis-jungheim.de\/wp-content\/uploads\/2024\/07\/IMG_3283-scaled.jpg\" title=\"Foto Labor\" alt=\"Foto Labor\" loading=\"lazy\" \/>\t\t\t\t\t\t\t\t\t\t\t\t\t\t\t<\/div>\n\t\t\t\t<\/div>\n\t\t\t\t<div class=\"elementor-element elementor-element-9b69e6c elementor-widget elementor-widget-text-editor\" data-id=\"9b69e6c\" data-element_type=\"widget\" data-e-type=\"widget\" data-settings=\"{&quot;_animation&quot;:&quot;none&quot;}\" data-widget_type=\"text-editor.default\">\n\t\t\t\t<div class=\"elementor-widget-container\">\n\t\t\t\t\t\t\t\t\t<h5 class=\"wp-block-heading\">Spezielle Angebote<\/h5>\n<h6 class=\"wp-block-heading\">Geriatrie:<\/h6>\n<ul>\n<li>\u00dcberpr\u00fcfung des Medikationsplanes<\/li>\n<li>Assessments<\/li>\n<li>Beratung zu Versorgungsl\u00fccken<\/li>\n<li>Demenztestung<\/li>\n<li>Beratung zu Patientenverf\u00fcgung \/ Patiententestament<\/li>\n<\/ul>\t\t\t\t\t\t\t\t<\/div>\n\t\t\t\t<\/div>\n\t\t\t\t<div class=\"elementor-element elementor-element-b4f188d elementor-widget elementor-widget-text-editor\" data-id=\"b4f188d\" data-element_type=\"widget\" data-e-type=\"widget\" data-settings=\"{&quot;_animation&quot;:&quot;none&quot;}\" data-widget_type=\"text-editor.default\">\n\t\t\t\t<div class=\"elementor-widget-container\">\n\t\t\t\t\t\t\t\t\t<h6 class=\"wp-block-heading\">Psychosomatische Grundversorgung<\/h6>\n<p><!-- \/wp:heading --><\/p>\n<p><!-- wp:heading {\"level\":6} --><\/p>\n<h6 class=\"wp-block-heading\">Palliativmedizinische Grundversorgung<\/h6>\n<p><!-- \/wp:heading --><\/p>\n<p><!-- wp:heading {\"level\":6} --><\/p>\n<h6 class=\"wp-block-heading\">Mistel-Therapie<\/h6>\n<p><!-- \/wp:heading --><\/p>\n<p><!-- wp:heading {\"level\":6} --><\/p>\n<h6 class=\"wp-block-heading\">Endokrinologie<\/h6>\n<p><!-- \/wp:heading --><\/p>\n<p><!-- wp:heading {\"level\":6} --><\/p>\n<h6 class=\"wp-block-heading\">Wundversorgung<\/h6>\n<p><!-- \/wp:heading --><\/p>\n<p><!-- wp:heading {\"level\":6} --><\/p>\n<h6 class=\"wp-block-heading\">Individuelle Gesundheitsleistungen<\/h6>\t\t\t\t\t\t\t\t<\/div>\n\t\t\t\t<\/div>\n\t\t\t\t\t<\/div>\n\t\t\t\t<\/div>\n\t\t\t\t<\/div>\n\t\t","protected":false},"excerpt":{"rendered":"<p>Leistungen Haus\u00e4rztliche Betreuung und Behandlung bei aktuen und chronischen Erkrankungen EKG Lungenfunktionspr\u00fcfung Langzeitblutdruckmessung Ultraschalluntersuchungen des Bauches und der Schilddr\u00fcse Laboruntersuchungen (Blut, Urin, Stuhl) Impfungen Hausbesuche in dringlichen F\u00e4llen Vorsorgeleistungen Gesundheitsuntersuchung Hautkrebsscreening J1 Krebsvorsorge des Mannes Ultraschallscreening auf Bauchaortenerweiterung (-aneurysma) Behandlung chronisch Kranker DMP-Programme \u00a0 Spezielle Angebote Geriatrie: \u00dcberpr\u00fcfung des Medikationsplanes Assessments Beratung zu Versorgungsl\u00fccken Demenztestung Beratung zu Patientenverf\u00fcgung \/ Patiententestament Psychosomatische Grundversorgung Palliativmedizinische Grundversorgung Mistel-Therapie Endokrinologie Wundversorgung Individuelle Gesundheitsleistungen<\/p>\n","protected":false},"author":1,"featured_media":0,"parent":0,"menu_order":0,"comment_status":"closed","ping_status":"closed","template":"","meta":{"site-sidebar-layout":"default","site-content-layout":"","ast-site-content-layout":"default","site-content-style":"default","site-sidebar-style":"default","ast-global-header-display":"","ast-banner-title-visibility":"","ast-main-header-display":"","ast-hfb-above-header-display":"","ast-hfb-below-header-display":"","ast-hfb-mobile-header-display":"","site-post-title":"","ast-breadcrumbs-content":"","ast-featured-img":"","footer-sml-layout":"","ast-disable-related-posts":"","theme-transparent-header-meta":"","adv-header-id-meta":"","stick-header-meta":"","header-above-stick-meta":"","header-main-stick-meta":"","header-below-stick-meta":"","astra-migrate-meta-layouts":"default","ast-page-background-enabled":"default","ast-page-background-meta":{"desktop":{"background-color":"var(--ast-global-color-4)","background-image":"","background-repeat":"repeat","background-position":"center center","background-size":"auto","background-attachment":"scroll","background-type":"","background-media":"","overlay-type":"","overlay-color":"","overlay-opacity":"","overlay-gradient":""},"tablet":{"background-color":"","background-image":"","background-repeat":"repeat","background-position":"center center","background-size":"auto","background-attachment":"scroll","background-type":"","background-media":"","overlay-type":"","overlay-color":"","overlay-opacity":"","overlay-gradient":""},"mobile":{"background-color":"","background-image":"","background-repeat":"repeat","background-position":"center center","background-size":"auto","background-attachment":"scroll","background-type":"","background-media":"","overlay-type":"","overlay-color":"","overlay-opacity":"","overlay-gradient":""}},"ast-content-background-meta":{"desktop":{"background-color":"var(--ast-global-color-5)","background-image":"","background-repeat":"repeat","background-position":"center center","background-size":"auto","background-attachment":"scroll","background-type":"","background-media":"","overlay-type":"","overlay-color":"","overlay-opacity":"","overlay-gradient":""},"tablet":{"background-color":"var(--ast-global-color-5)","background-image":"","background-repeat":"repeat","background-position":"center center","background-size":"auto","background-attachment":"scroll","background-type":"","background-media":"","overlay-type":"","overlay-color":"","overlay-opacity":"","overlay-gradient":""},"mobile":{"background-color":"var(--ast-global-color-5)","background-image":"","background-repeat":"repeat","background-position":"center center","background-size":"auto","background-attachment":"scroll","background-type":"","background-media":"","overlay-type":"","overlay-color":"","overlay-opacity":"","overlay-gradient":""}},"footnotes":""},"class_list":["post-64","page","type-page","status-publish","hentry"],"_links":{"self":[{"href":"https:\/\/praxis-jungheim.de\/index.php?rest_route=\/wp\/v2\/pages\/64","targetHints":{"allow":["GET"]}}],"collection":[{"href":"https:\/\/praxis-jungheim.de\/index.php?rest_route=\/wp\/v2\/pages"}],"about":[{"href":"https:\/\/praxis-jungheim.de\/index.php?rest_route=\/wp\/v2\/types\/page"}],"author":[{"embeddable":true,"href":"https:\/\/praxis-jungheim.de\/index.php?rest_route=\/wp\/v2\/users\/1"}],"replies":[{"embeddable":true,"href":"https:\/\/praxis-jungheim.de\/index.php?rest_route=%2Fwp%2Fv2%2Fcomments&post=64"}],"version-history":[{"count":46,"href":"https:\/\/praxis-jungheim.de\/index.php?rest_route=\/wp\/v2\/pages\/64\/revisions"}],"predecessor-version":[{"id":683,"href":"https:\/\/praxis-jungheim.de\/index.php?rest_route=\/wp\/v2\/pages\/64\/revisions\/683"}],"wp:attachment":[{"href":"https:\/\/praxis-jungheim.de\/index.php?rest_route=%2Fwp%2Fv2%2Fmedia&parent=64"}],"curies":[{"name":"wp","href":"https:\/\/api.w.org\/{rel}","templated":true}]}}